192)/(-9)))/(21/(-17416)) is divided by 19?
14
Suppose x + 1082 = k, 0 = 3*x + 16 - 4. What is the remainder when k is divided by 36?
34
Suppose 0 = -y - m - 0*m + 24, y - 34 = -3*m. Let v = 43 + y. Suppose 3*p + 48 = 5*k - 47, -5*k = 3*p - 65. What is the remainder when v is divided by k?
14
Let t = 33 + -25. Suppose -9*f + 7*f - 2 = 0. Let g(x) = -23*x**3 + x**2 + 2*x + 1. What is the remainder when g(f) is divided by t?
7
Suppose -g - 2*g = 0. Let k(v) = -10*v + 156. Let q be k(14). Suppose u + g*u = -i + 34, q = 4*i. Calculate the remainder when 87 is divided by u.
27
Let r = -808743 - -808807. Suppose 3*l - 1104 = 7*l. Let p = l - -593. What is the remainder when p is divided by r?
61
Suppose -7*m + 12*m = -4*q - 919, -5*m = -2*q - 497. Let p = 478 + q. What is the remainder when p is divided by 49?
46
Suppose 2*q - 197 = -5*k - 0*q, -4*k - 5*q = -161. What is the remainder when k is divided by -4*5/(-6)*(672/5)/28?
7
Let z = 95 + -95. What is the remainder when 84 is divided by (-1 + (2 - z))*17?
16
Let i = -1110 - -1208. What is the remainder when 307 is divided by i?
13
Suppose -5*h - w + 394 = 0, 5*h - 376 = 143*w - 147*w. Calculate the remainder when h is divided by (-58)/(-6) + (-2)/3.
8
What is the remainder when 273 is divided by 80/880 + 857/11?
39
Let r(l) = -3*l + 5. Let d be r(0). Suppose 41 = 5*j - 4. What is the remainder when ((-125)/10)/(d/(-10)) is divided by j?
7
Let z be 202 + 1*(0 + 3). Let w = -103 + z. Suppose 2*l - 56 = 2*y, 5*y - 94 = -25*l + 21*l. Calculate the remainder when w is divided by l.
24
Suppose -22*f = -5*h - 25*f + 67, 0 = -2*h + 5*f + 33. Suppose -h*i = -13*i - 43. Calculate the remainder when i is divided by 16.
11
Let w be (2 + -1 - 0)*-174. Let s = w + 180. Calculate the remainder when s is divided by 1.
0
Let n(a) = -1289*a + 2610. Let s be (-5)/(108/(-105) + 1). Let y = 297 - s. What is the remainder when y is divided by n(2)?
26
Let k(f) = 21*f**2. Let y be k(1). What is the remainder when 326/6 - 7/y is divided by 33*(-8)/20*(-5)/6?
10
Suppose -2963*b + 2973*b - 15720 = 0. What is the remainder when b is divided by 51?
42
Let g = -373 + 372. What is the remainder when 91 is divided by (3/(-12)*-4)/(g/(-31))?
29
Calculate the remainder when (-28010)/(-125) - (6 + -3 + (-146)/50) is divided by 70.
14
Suppose 11*h = h + h. Suppose h = -10*l - 353 + 1623. Let j = l + -110. What is the remainder when 31 is divided by j?
14
Let n be 287/(-3) - 12/(-18). Let v = n + 111. Calculate the remainder when 29 is divided by v.
13
Suppose -19*i - 93 + 100 + 164 = 0. Let h(w) = 5*w**2. Let u be h(-1). Suppose v - 24 = -a, 0*v - a = u*v - 124. Calculate the remainder when v is divided by i.
7
Let u(q) = q**3 - 29*q**2 + 141*q + 16. Calculate the remainder when 581 is divided by u(6).
3
Let w = 86 + -13. Suppose 0 = -2*l + 4, -3*b = -b + 3*l - 14. Suppose 7*o = -b*o + 165. What is the remainder when w is divided by o?
13
Suppose 95*i = 105*i - 2840. Suppose 0 = j + 4*m - 36, -5*j + 69 = -j + m. Calculate the remainder when i is divided by j.
12
Let t = 44371 - 40068. Calculate the remainder when t is divided by 55.
13
Suppose -12 = -6*w + 6. Let x = w - -22. Suppose 43 = -2*u + 187. Calculate the remainder when u is divided by x.
22
Suppose 195 = 4*v + d - 131, 0 = 3*v - 5*d - 210. What is the remainder when v is divided by 7?
3
Suppose 2*t + 71 = u, 4*u - 20*t - 272 = -14*t. What is the remainder when 529 is divided by u?
57
Let t(a) = -876*a - 21 - 4*a**2 + 893*a + 3*a**2 - a**2. Calculate the remainder when 25 is divided by t(6).
7
Suppose -44249*o + 44254*o - 370 = 0. What is the remainder when 585 is divided by o?
67
Let i(a) = 42*a - 18. Let d be i(1). Suppose d*l - 8*l - 2336 = 0. Calculate the remainder when l is divided by 52.
42
Let j(m) = 202*m**2 - 77*m + 412. Calculate the remainder when j(6) is divided by 84.
82
Let d(u) = 12*u**2 + 335*u - 20. Calculate the remainder when 135 is divided by d(-28).
7
Suppose -364*t - 62644 = -368*t - 3*j, t = 4*j + 15699. What is the remainder when t is divided by 12?
7
Let s(a) = 8*a - 13*a - 6 + 4 - a**2 + a**3. Calculate the remainder when s(4) is divided by 15.
11
Let u = -350 - -340. Let g(s) = -s**3 - 6*s**2 + 39*s + 23. What is the remainder when g(u) is divided by 27?
6
Let t be (411/(-9))/((-7)/(-21)). Let a = t - -151. What is the remainder when 16 is divided by (-26)/(-91) + 80/a?
4
Suppose 4*t = k + 224, -4*k = -5712*t + 5715*t - 111. Suppose 0 = c - 9 - 10. What is the remainder when t is divided by c?
15
Let i = 409 + -410. What is the remainder when (66/55)/(i - (-1426)/1420) is divided by 48?
44
Let z(v) = -v**2 + 5*v + 6. Suppose 1560 = 5*g - c, -c = g + 2*c - 296. Suppose -286 + g = 5*y. What is the remainder when z(5) is divided by y?
1
Suppose -6*u = -18*u + 43*u - 144336. Calculate the remainder when u is divided by 34.
32
Let b(q) = q**2 - 15*q + 35. Calculate the remainder when b(15) is divided by -5 - (-3)/(18/12)*7.
8
Suppose 3*d = -4*w + 9189, -2*w - 95*d = -99*d - 4578. What is the remainder when w is divided by 56?
55
Let o(z) = 2*z**3 - 100*z**2 - 209*z + 64. Calculate the remainder when 1283 is divided by o(52).
11
Suppose 0 = -4*b - 2*i + 418, -b - 27*i + 24*i + 92 = 0. Suppose 3*l = 3*z - 84, -4*z - 2*l - 28 + 140 = 0. Calculate the remainder when b is divided by z.
23
Let g(w) = 3*w - 3. Let c = 31 - 23. What is the remainder when g(c) is divided by (46/(-10) - -4) + 174/15?
10
Let i be 4/(-5)*(-65)/2. Let v = 46 - i. Calculate the remainder when 928/(-24)*3/(-2) is divided by v.
18
Calculate the remainder when 318 is divided by (44*18/(-144))/((-2)/108).
21
Suppose t - 122 - 4 = -g, -5*g = -40. What is the remainder when 456 is divided by t?
102
Let u = 3503 + -839. Suppose -14*r - 4*r = -u. Calculate the remainder when r is divided by 76.
72
Let o = 18231 + -17188. Calculate the remainder when o is divided by 70.
63
Let m = -7100 + 8319. What is the remainder when m is divided by 11?
9
Suppose 4*s - 3*s = 11. Let g be 12124/(-44) - (-24)/44. Let c = 307 + g. What is the remainder when c is divided by s?
10
Let g be (5 + -1)/(6/(-375)). Let m = -177 - g. Calculate the remainder when m is divided by -2*2/4*-19.
16
Let t = 1721 + -873. Suppose 0 = -b + t - 832. Calculate the remainder when b is divided by 14.
2
Suppose 25 = -4*w + 5*g, -w - g = -7 + 2. Let m = 3 - w. Suppose m*c - 392 = a, 2*c = 7*c + 2*a - 646. What is the remainder when c is divided by 22?
20
Calculate the remainder when 154 is divided by (12/(-6))/((-79)/300 - (-13)/52).
4
Suppose -d - 83*b + 33 = -81*b, 3*b - 130 = -5*d. Calculate the remainder when 731 is divided by d.
18
Suppose 5*z = 3*k - 3808, -5*k + 3*z + 2683 = -3653. What is the remainder when k is divided by 422?
0
Let a(q) = -2*q**2 + 25*q + 1467. Calculate the remainder when 32099 is divided by a(-21).
59
Let h(d) = 6*d**2 - 201*d - 2558. What is the remainder when h(-12) is divided by 118?
10
Let o(x) = -x**3 + 11*x**2 - 10*x + 9. Let q be o(8). Let j = q + -101. Calculate the remainder when 79 is divided by j.
19
Suppose -11*k - 816 = -19*k. Suppose -4*l + 150 = 4*w - 2*l, -5*w + 171 = -3*l. What is the remainder when k is divided by w?
30
Let z = 11725 - 11618. What is the remainder when 10376 is divided by z?
104
Suppose -4*k - 37 = -5. What is the remainder when 95 is divided by (-25)/10*(k - -6)?
0
Let i(u) = -u**3 + 10*u**2 + 6*u - 20. Let a be i(10). Suppose s - 4*m - 65 = -a, -s + 5*m = -26. Calculate the remainder when 80 is divided by s.
17
Suppose 0 = -0*b - 4*b + 232. Suppose -3*w - 209 = -14*w. Suppose -2*o - t = -w, -32 = -4*o + 5*t + 13. Calculate the remainder when b is divided by o.
8
Suppose 37*v = 409*v - 18600. Calculate the remainder when 2297 is divided by v.
47
Suppose 97 = 7*m - 17*g + 22*g, 14 = 2*m - 2*g. What is the remainder when 1206 is divided by m?
7
Let f(l) = 7*l**2 - 139*l + 74. Calculate the remainder when 206 is divided by f(20).
18
Let y = -158 + 182. Calculate the remainder when 141 is divided by (-6)/y*208/(-4).
11
Let l = 14 - 14. Suppose -2*f + 12 + 28 = l. What is the remainder when 55 is divided by f?
15
Suppose -2*r + 124 = 139*o - 137*o, -5*o + 20 = 0. Calculate the remainder when r is divided by 31/(3 - (0 - -2)).
27
What is the remainder when 8909 is 